lculate the remainder when 13794 is divided by 10.
4
Calculate the remainder when 1614 is divided by 303.
99
What is the remainder when 216147 is divided by 150?
147
Calculate the remainder when 4595755 is divided by 701.
700
Calculate the remainder when 139594 is divided by 168.
154
Calculate the remainder when 259730 is divided by 129863.
4
Calculate the remainder when 21557 is divided by 16.
5
What is the remainder when 7192 is divided by 51?
1
Calculate the remainder when 4709 is divided by 53.
45
What is the remainder when 127143 is divided by 33?
27
What is the remainder when 842063 is divided by 3776?
15
What is the remainder when 561 is divided by 123?
69
What is the remainder when 373174 is divided by 38?
14
Calculate the remainder when 6246 is divided by 210.
156
What is the remainder when 132719 is divided by 336?
335
Calculate the remainder when 123946 is divided by 41203.
337
Calculate the remainder when 33548 is divided by 251.
165
What is the remainder when 2617 is divided by 14?
13
Calculate the remainder when 552886 is divided by 56.
54
Calculate the remainder when 6264 is divided by 81.
27
Calculate the remainder when 61820 is divided by 15446.
36
Calculate the remainder when 2384 is divided by 31.
28
Calculate the remainder when 869 is divided by 759.
110
What is the remainder when 11807 is divided by 5898?
11
What is the remainder when 106 is divided by 99?
7
What is the remainder when 3330 is divided by 74?
0
What is the remainder when 27662 is divided by 304?
302
What is the remainder when 6897 is divided by 102?
63
What is the remainder when 39524 is divided by 19755?
14
What is the remainder when 1872 is divided by 33?
24
Calculate the remainder when 217774 is divided by 208.
206
What is the remainder when 3020 is divided by 2260?
760
Calculate the remainder when 1767 is divided by 482.
321
Calculate the remainder when 7058 is divided by 7039.
19
Calculate the remainder when 15805 is divided by 184.
165
What is the remainder when 105496 is divided by 52747?
2
Calculate the remainder when 17939 is divided by 48.
35
What is the remainder when 512011 is divided by 38?
37
What is the remainder when 3025 is divided by 549?
280
What is the remainder when 277 is divided by 31?
29
What is the remainder when 3544 is divided by 1151?
91
What is the remainder when 24188 is divided by 1215?
1103
What is the remainder when 23306 is divided by 555?
551
What is the remainder when 17650 is divided by 43?
20
What is the remainder when 13292 is divided by 119?
83
What is the remainder when 1548454 is divided by 905?
904
Calculate the remainder when 12511 is divided by 84.
79
Calculate the remainder when 109798 is divided by 10.
8
What is the remainder when 3323 is divided by 120?
83
What is the remainder when 72350 is divided by 441?
26
Calculate the remainder when 12772 is divided by 24.
4
Calculate the remainder when 2259 is divided by 219.
69
What is the remainder when 315 is divided by 23?
16
What is the remainder when 13777 is divided by 188?
53
What is the remainder when 906528 is divided by 75544?
0
What is the remainder when 30177 is divided by 15027?
123
Calculate the remainder when 107062 is divided by 70.
32
Calculate the remainder when 8330 is divided by 4024.
282
What is the remainder when 361 is divided by 355?
6
What is the remainder when 103652 is divided by 518?
52
Calculate the remainder when 631653 is divided by 36.
33
What is the remainder when 1037891 is divided by 327?
320
What is the remainder when 9390 is divided by 1545?
120
What is the remainder when 1025 is divided by 353?
319
What is the remainder when 60368 is divided by 30183?
2
What is the remainder when 16709 is divided by 80?
69
What is the remainder when 2125 is divided by 522?
37
What is the remainder when 1428231 is divided by 818?
3
What is the remainder when 614839 is divided by 307408?
23
What is the remainder when 3050 is divided by 1998?
1052
Calculate the remainder when 5527 is divided by 2333.
861
Calculate the remainder when 102326 is divided by 51161.
4
Calculate the remainder when 2417 is divided by 55.
52
Calculate the remainder when 478774 is divided by 15.
4
Calculate the remainder when 4273 is divided by 427.
3
Calculate the remainder when 1429 is divided by 722.
707
Calculate the remainder when 3432 is divided by 1522.
388
Calculate the remainder when 81657 is divided by 498.
483
What is the remainder when 2844 is divided by 41?
15
What is the remainder when 3559 is divided by 66?
61
Calculate the remainder when 2727 is divided by 52.
23
What is the remainder when 11332 is divided by 5664?
4
What is the remainder when 86282 is divided by 28756?
14
Calculate the remainder when 3843 is divided by 361.
233
Calculate the remainder when 30449 is divided by 175.
174
What is the remainder when 33915 is divided by 113?
15
Calculate the remainder when 80100 is divided by 26695.
15
What is the remainder when 5521885 is divided by 46?
45
Calculate the remainder when 160589 is divided by 265.
264
Calculate the remainder when 8696 is divided by 875.
821
Calculate the remainder when 2623 is divided by 37.
33
What is the remainder when 2328789 is divided by 358?
357
What is the remainder when 500 is divided by 237?
26
What is the remainder when 3752526 is divided by 67?
57
What is the remainder when 23219 is divided by 282?
95
Calculate the remainder when 33862 is divided by 16891.
80
Calculate the remainder when 345684 is divided by 40.
4
Calculate the remainder when 3576 is divided by 11.
1
Calculate the remainder when 3587 is divided by 735.
647
Calculate the remainder when 72934 is divided by 168.
22
What is the remainder when 60274 is divided by 76?
6
What is the remainder when 1493876 is divided by 203?
202
Calculate the remainder when 89473 is divided by 40.
33
What is the remainder when 287774 is divided by 71934?
38
What is the remainder when 613 is divided by 20?
13
What is the remainder when 30126 is divided by 18?
12
What is the remainder when 393405 is divided by 357?
348
Calculate the remainder when 12944 is divided by 83.
79
What is the remainder when 16531 is divided by 2988?
1591
What is the remainder when 6641 is divided by 78?
11
Calculate the remainder when 9809 is divided by 3.
2
Calculate the remainder when 6044 is divided by 51.
26
What is the remainder when 301970 is divided by 22?
20
Calculate the remainder when 1333 is divided by 103.
97
What is the remainder when 3533 is divided by 175?
33
What is the remainder when 36545 is divided by 23?
21
What is the remainder when 750 is divided by 92?
14
Calculate the remainder when 14322 is divided by 2000.
322
Calculate the remainder when 1516 is divided by 426.
238
What is the remainder when 166352 is divided by 13?
4
Calculate the remainder when 1226 is divided by 62.
48
Calculate the remainder when 40774 is divided by 29.
0
Calculate the remainder when 94077 is divided by 64.
61
What is the remainder when 6513 is divided by 460?
73
What is the remainder when 72276 is divided by 695?
691
What is the remainder when 3370 is divided by 3362?
8
Calculate the remainder when 15685 is divided by 60.
25
What is the remainder when 2691 is divided by 140?
31
Calculate the remainder when 12236 is divided by 491.
452
What is the remainder when 3309 is divided by 38?
3
What is the remainder when 2610 is divided by 1981?
629
What is the remainder when 15624 is divided by 5140?
204
Calculate the remainder when 10409 is divided by 5.
4
What is the remainder when 100303 is divided by 24?
7
What is the remainder when 84047 is divided by 2101?
7
Calculate the remainder when 96557 is divided by 17.
14
Calculate the remainder when 2788 is divided by 186.
184
What is the remainder when 419 is divided by 381?
38
What is the remainder when 3250 is divided by 1076?
22
What is the remainder when 29439 is divided by 5887?
4
Calculate the remainder when 2876225 is divided by 91.
79
What is the remainder when 12320 is divided by 3939?
503
Calculate the remainder when 187751 is divided by 15.
11
Calculate the remainder when 2323 is divided by 293.
272
Calculate the remainder when 1942 is divided by 48.
22
What is the remainder when 865888 is divided by 70?
58
What is the remainder when 38014 is divided by 1